7*a - 998, 5*a - 3*c - 4996 = 0. Calculate the remainder when a is divided by 204.
185
Suppose 47*g + 1058 = 4395. Calculate the remainder when 554 is divided by g.
57
Suppose 17 = 5*g - 3, 0 = 2*a - 5*g - 16. Calculate the remainder when 126/((-3)/((-78)/4) + 48/26) is divided by a.
9
Suppose -61*c + 672 = x - 65*c, x = 3*c + 666. What is the remainder when x is divided by 170?
138
Let p = 29103 - 29069. What is the remainder when (-90)/(1 - 10/6) is divided by p?
33
Let m(u) = -654*u + 693. Suppose -8 = -2*f - 0. Suppose f*y - 420 = -124. What is the remainder when y is divided by m(1)?
35
Let m = -1428 + 2396. Calculate the remainder when m is divided by 27.
23
Suppose -5*a = 4*b - 203, -4*a - 3*b + 131 = -30. What is the remainder when 1539 is divided by a?
34
Suppose 28*g - 2*v + 22 = 31*g, 40 = 2*g - 5*v. What is the remainder when 8779 is divided by g?
9
Suppose -3*j + 25 + 44 = 0. Let s be -1*1/(8/(-232)). Suppose -s*a - 120 = -526. Calculate the remainder when j is divided by a.
9
Let t(d) = -4*d + 5 - 8 + 10 + d**2. Let j = 8 + -13. What is the remainder when t(j) is divided by 11?
8
Let y(m) = m**3 + 61*m**2 + 176*m + 225. What is the remainder when 630 is divided by y(-58)?
85
Let j be ((-3)/3)/(6507/(-1302) + 5). Let v = -390 - j. Calculate the remainder when 87 is divided by v.
43
Let w(j) = 2*j + 16. Let h = -11 - -18. Suppose 347 - 323 = 3*m. Calculate the remainder when w(h) is divided by m.
6
Suppose -3*r + 3191 + 3012 = -4*k, -2*r + 4*k = -4138. What is the remainder when r is divided by 39?
37
Let n(h) = h**3 - 25*h**2 + 22*h + 42. Let g be n(24). What is the remainder when 69 is divided by ((4/g)/2)/((-12)/1116)?
7
Suppose 0 = 3*t + 60*i - 55*i - 193, -5*t + 4*i = -260. What is the remainder when 3135 is divided by t?
55
Suppose -146*k + 3*x - 7301 = -151*k, -4*k + x = -5834. What is the remainder when k is divided by 1427?
32
Let w = -10569 + 10887. What is the remainder when 994 is divided by w?
40
Let k(t) = -4*t**3 - 233*t**2 - 199*t - 19. Calculate the remainder when k(-58) is divided by 170.
169
What is the remainder when 4643 is divided by ((-17)/((-289)/(-1717)))/(-2 - -1)?
98
Let u = -9326 + 9850. What is the remainder when 1051 is divided by u?
3
Let a be (84/(-49))/(1/(-21)). Let g = a + 5. What is the remainder when 204 is divided by g?
40
Let u(b) = 4*b**2 + 7*b - 35. Let t be u(-8). Suppose t = 8*h + 69. What is the remainder when 58 is divided by h?
10
Let q = 58 - 42. Suppose 8 = -q*c + 936. What is the remainder when 289 is divided by c?
57
Suppose 13*o = 5*o + 104. Suppose -2*w = -5*c - 6, 2*w + 5*c + 5 = 11. What is the remainder when o is divided by w?
1
Suppose 0 = -l - f + 120, -198*f + 196*f + 484 = 4*l. Calculate the remainder when 881 is divided by l.
27
Let y = -30 + 11. Let n = 35 + y. Let h(d) = -d**3 + 26*d**2 + d + 34. What is the remainder when h(26) is divided by n?
12
Let p = 81 + -57. What is the remainder when (-12)/(-960)*20*436 is divided by p?
13
Let s be 30/8*7/((-42)/24). What is the remainder when 83 is divided by (-2 - 32/(-20))*s?
5
Let r(o) = o**2 + 4*o + 3. Let q = 46700 - 46536. What is the remainder when q is divided by r(-6)?
14
Let v = -4944 + 4999. What is the remainder when 9897 is divided by v?
52
Suppose 3*d = -0*x + 2*x - 15, -4*x - 3*d = -39. Let b = -46724 + 46820. Calculate the remainder when b is divided by x.
6
Let w(g) = 32*g - 74. Let q(m) = -m**3 + 9*m**2 - 8*m + 17. Calculate the remainder when q(7) is divided by w(3).
15
Calculate the remainder when (-162)/(-54)*4/6 - -1066 is divided by 161.
102
Let l be (-69)/(-161) - (-4146)/(-21). Let f = l - -244. What is the remainder when 91 is divided by f?
44
Let r(t) = 10*t**2 - 28*t + 193. Calculate the remainder when r(6) is divided by 108.
61
Let g(z) = -z**3 + 6*z**2 - 6*z + 7. Let w = 2386 - 2379. Calculate the remainder when w is divided by g(5).
1
Suppose -148 - 164 = -5*r + 4*o, 4*r + 4*o = 264. Calculate the remainder when 153 is divided by r.
25
Let g = 65 + -64. Suppose -2*n - 19 = -5*l, 4*n - g = -l - 2*l. Let m = l - -22. What is the remainder when 46 is divided by m?
21
Suppose z - 36 = -4*m, -4*z - 3*m - 3 = -251. Let i = 15 + -10. Suppose i*d - 109 = 6. What is the remainder when z is divided by d?
22
Let i(q) = -q**3 - q**2 - 28*q - 85. Calculate the remainder when i(-5) is divided by 71.
13
Suppose -136 = 5*t + 184. Suppose 4*y = 2*y - h - 148, 2*h - 142 = 2*y. Let k = t - y. What is the remainder when 62 is divided by k?
8
Calculate the remainder when 183/(-122) + (-17388)/(-8) is divided by 59.
48
Suppose 50 = 4*x - 2*f, 13*f - 11*f = 2*x - 20. What is the remainder when 260 is divided by x?
5
Suppose 26*r - 5678 = 9*r. Suppose -4*k + r = -2*q, 3*k + 4*q = 346 - 123. What is the remainder when k is divided by (-25)/(-2) - (-1)/(-2)?
9
Let o be (256/(-6 - -2))/((-1)/6). Let t = o - 254. Calculate the remainder when t is divided by 33.
31
Suppose -3*p - 3*i = p + 111, -i + 134 = -5*p. Let x = p + -6. Let l = -25 - x. What is the remainder when l is divided by 3?
2
Let f(j) = j**3 + 5*j**2 + 5*j + 1. Let c be f(-2). Suppose -54 + 243 = c*h. What is the remainder when h is divided by 6?
3
Let r = -228 - -414. Suppose -204*p - r = -205*p. Calculate the remainder when p is divided by 11.
10
What is the remainder when 2356/2 - 6/(-30)*10 is divided by 7?
4
Let l = 6926 - 6192. What is the remainder when l is divided by 57?
50
Let k be (-20)/50 + (-2)/(-5). Suppose -14*b + 442 + 160 = k. What is the remainder when b is divided by 25?
18
Let o = 13538 - 13268. What is the remainder when o is divided by 107?
56
Let c be (2 + -7)*7 - (-21 - -18). Let h = c + 46. Suppose 0 = h*p - 17*p + 36. Calculate the remainder when 21 is divided by p.
9
Let n be 10/45 - (1696/18 + 1). Let g = -97 - n. Calculate the remainder when (0 - 0) + 110/(g - -7) is divided by 14.
8
Suppose 26*w - 27*w + 8080 = 4*x, 6060 = 3*x - 5*w. What is the remainder when x is divided by 289?
286
Suppose -744 = -4*f + o - 589, 5*f + 5*o = 200. What is the remainder when 349 is divided by f?
37
Let r(y) = -y**3 + 7*y**2 + 20*y + 2. Let u be r(9). Let p be 0 + 0 + u/(30/6). What is the remainder when 183*2*p/24 is divided by 26?
9
Suppose 384 + 105 = 3*q + 3*l, -4*q + 648 = 5*l. Calculate the remainder when 526 is divided by q.
25
Let y(j) = -530 + 0*j + 542 - 22*j. What is the remainder when y(-1) is divided by 12?
10
Suppose -4*b + 2*b + 4 = c, 0 = -5*c + 3*b + 46. Let d be (4 - c)/4*1. What is the remainder when 91 - (d - (-12)/((-16)/(-4))) is divided by 15?
14
Let j be ((126 - -7)/7)/(1/(-11)). Let b = j + 216. What is the remainder when 39 is divided by b?
4
Suppose 0 = 5*z - 39*t + 42*t - 131, t - 52 = -2*z. Calculate the remainder when 3223 is divided by z.
23
Suppose -t - t - 18 = 5*v, -5*t = v - 1. What is the remainder when 152 is divided by v*(5 + (-8)/1)?
8
Let i = -3807 - -5247. What is the remainder when i is divided by 19?
15
Suppose -2*q = -48 - 28. Let o(t) = -t**2 + 35*t + 272. Let a be o(43). Calculate the remainder when ((-73)/(-3))/((-24)/a) is divided by q.
35
Let m(i) = -9*i - 70. Let w be m(-8). Let c(d) = 9*d - 7*d - d**w - 8*d + 78 - 22*d. Calculate the remainder when 51 is divided by c(-30).
15
Let x be (7/(-21))/((-2)/(-186)) + -2. Let i = x + 11. Let y = 17 - i. What is the remainder when y is divided by 12?
3
Let u(t) = t - 11. Let s be u(13). Suppose -29 = -z - 3*g - g, s*z = 5*g + 84. What is the remainder when 108 is divided by z?
34
Let q(v) = 5*v**2 + 79*v + 69. Calculate the remainder when 3073 is divided by q(-17).
166
Let y = -4 - -8. Suppose -y*g + 4*h = -12, -2*g + 0*h = 2*h - 14. Suppose 3*x = -3*m + 87, -g*x + 25 = -3*m + 72. What is the remainder when 71 is divided by m?
23
Let b(s) = s**3 - 21*s**2 - 51*s - 29. Let z be b(22). Let q = -639 - z. What is the remainder when 44 is divided by q?
16
Suppose 35 + 1 = 3*q. Suppose -33*w + 672 = -9*w. Suppose 176 = -24*o + w*o. What is the remainder when o is divided by q?
8
Let f(u) = -u**2 + 9*u + 26. Let x be f(12). Calculate the remainder when (-8)/16 - 1225/x is divided by 14.
10
Let x(n) = -317*n**2 - 10*n + 7. Let s(y) = -y - 1. Let q(b) = 3*s(b) - x(b). Calculate the remainder when q(1) is divided by 53.
49
Let u(n) = -n - 15*n - 24 - 3*n - n**2. 